{"id":1658,"date":"2025-10-29T16:12:57","date_gmt":"2025-10-29T16:12:57","guid":{"rendered":"https:\/\/www.gobernaciones.gov.py\/guaira\/?page_id=1658"},"modified":"2026-01-30T11:56:19","modified_gmt":"2026-01-30T11:56:19","slug":"patip","status":"publish","type":"page","link":"https:\/\/www.gobernaciones.gov.py\/guaira\/patip\/","title":{"rendered":"PATIP"},"content":{"rendered":"<p><a href=\"https:\/\/www.gobernaciones.gov.py\/guaira\/wp-content\/uploads\/sites\/49\/2025\/10\/Ley-N\u00b0-7389-Que-establece-el-Regimen-Nacional-de-Integridad-Transparencia-y-Prevencion-de-la-Corrupcion-de-la-Republica-del-Paraguay.pdf\">LEY N\u00b0 7.389\/2.024 &#8211; QUE ESTABLECE EL R\u00c9GIMEN NACIONAL DE INTEGRIDAD TRANSPARENCIA Y PREVENCI\u00d3N DE LA CORRUPCI\u00d3N.-<\/a><\/p>\n<p><a href=\"https:\/\/www.gobernaciones.gov.py\/guaira\/wp-content\/uploads\/sites\/49\/2025\/10\/GOBERNACION-DE-GUAIRA-PLAN-ANUAL-DE-TRANSPARENCIA-E-INTEGRIDAD-PUBLICA-PATIP2025.pdf\">GOBERNACI\u00d3N DE GUAIR\u00c1 &#8211; PLAN ANUAL DE TRANSPARENCIA E INTEGRIDAD P\u00daBLICA (PATIP 2.025).-<\/a><\/p>\n<p><a href=\"https:\/\/www.gobernaciones.gov.py\/guaira\/wp-content\/uploads\/sites\/49\/2026\/01\/Informe-PATIP2025.pdf\">AVANCE PATIP 2.025.-<\/a><\/p>\n<p><a href=\"https:\/\/www.gobernaciones.gov.py\/guaira\/wp-content\/uploads\/sites\/49\/2026\/01\/PATIP-2026.pdf\">GOBERNACI\u00d3N DE GUAIR\u00c1 &#8211; PLAN ANUAL DE TRANSPARENCIA E INTEGRIDAD P\u00daBLICA (PATIP 2.026).-<\/a><\/p>\n<p>&nbsp;<\/p>\n","protected":false},"excerpt":{"rendered":"<p>LEY N\u00b0 7.389\/2.024 &#8211; QUE ESTABLECE EL R\u00c9GIMEN NACIONAL DE INTEGRIDAD TRANSPARENCIA Y PREVENCI\u00d3N DE LA CORRUPCI\u00d3N.- GOBERNACI\u00d3N DE GUAIR\u00c1 &#8211; PLAN ANUAL DE TRANSPARENCIA E INTEGRIDAD P\u00daBLICA (PATIP 2.025).- AVANCE PATIP 2.025.- GOBERNACI\u00d3N DE GUAIR\u00c1 &#8211; PLAN ANUAL DE TRANSPARENCIA E INTEGRIDAD P\u00daBLICA (PATIP 2.026).- &nbsp;<\/p>\n","protected":false},"author":4,"featured_media":0,"parent":0,"menu_order":0,"comment_status":"closed","ping_status":"closed","template":"","meta":{"generate_page_header":"","footnotes":""},"class_list":["post-1658","page","type-page","status-publish"],"_links":{"self":[{"href":"https:\/\/www.gobernaciones.gov.py\/guaira\/wp-json\/wp\/v2\/pages\/1658","targetHints":{"allow":["GET"]}}],"collection":[{"href":"https:\/\/www.gobernaciones.gov.py\/guaira\/wp-json\/wp\/v2\/pages"}],"about":[{"href":"https:\/\/www.gobernaciones.gov.py\/guaira\/wp-json\/wp\/v2\/types\/page"}],"author":[{"embeddable":true,"href":"https:\/\/www.gobernaciones.gov.py\/guaira\/wp-json\/wp\/v2\/users\/4"}],"replies":[{"embeddable":true,"href":"https:\/\/www.gobernaciones.gov.py\/guaira\/wp-json\/wp\/v2\/comments?post=1658"}],"version-history":[{"count":6,"href":"https:\/\/www.gobernaciones.gov.py\/guaira\/wp-json\/wp\/v2\/pages\/1658\/revisions"}],"predecessor-version":[{"id":1710,"href":"https:\/\/www.gobernaciones.gov.py\/guaira\/wp-json\/wp\/v2\/pages\/1658\/revisions\/1710"}],"wp:attachment":[{"href":"https:\/\/www.gobernaciones.gov.py\/guaira\/wp-json\/wp\/v2\/media?parent=1658"}],"curies":[{"name":"wp","href":"https:\/\/api.w.org\/{rel}","templated":true}]}}